- 5*l + 88 = 5*p, -5*l = -v*p + 68. Calculate the remainder when p is divided by 9.
8
Let y(f) = f - 1. Let m(j) = -45*j - 5. Let t(w) = -m(w) + 4*y(w). What is the remainder when t(2) is divided by 17?
14
Let i = 1416 - 1334. Calculate the remainder when 95 is divided by i.
13
Let y = 3274 + -2215. What is the remainder when y is divided by 9?
6
Let m(z) = -44*z + 418. Calculate the remainder when m(8) is divided by 34.
32
Suppose -52*q + 1311 = 17*q. Suppose k + 150 = 2*u + 41, 4*k = 2*u - 94. What is the remainder when u is divided by q?
0
Let i = 25 - 19. Let h = 15 - i. What is the remainder when ((-11)/3)/(3/(-27)) is divided by h?
6
What is the remainder when (-22)/242 + 2532/22 is divided by 1928/48 - (-2)/(-12)?
35
Suppose -1395 + 35 = -17*j. Calculate the remainder when 557 is divided by j.
77
Let m(u) = -u - 12. Let f = 127 + -153. What is the remainder when 110 is divided by m(f)?
12
Let z = -12 - -31. Suppose z*v + 2 = 20*v. Calculate the remainder when 4 is divided by -4*(10/(-4) + v).
0
What is the remainder when 18 is divided by (-106)/(-265) + 106/10?
7
Let i be (-20247)/(-9) - 2/(-6). Let u be (-2)/(-7) - i/(-63). Suppose -31*h - u = -35*h. What is the remainder when 24 is divided by h?
6
Let n = 1398 - 1375. Let m be (-1 + -4)/((-1)/15). Suppose -q + 16 + m = 0. What is the remainder when q is divided by n?
22
Let n(h) = -h + 16. Let z be n(17). Let y be -1 + (0/z - -1). Let o(k) = -k**2 - k + 35. What is the remainder when o(y) is divided by 18?
17
Suppose -42 = -2*u + x, -5*u = -6*x + 2*x - 105. What is the remainder when 103 is divided by u?
19
Let g = -400 - -462. What is the remainder when 173 is divided by g?
49
What is the remainder when 149 is divided by -1*207*9*14/(-378)?
11
Let c = -26 + 56. Let z be (-16)/(-6)*c/8. Let x = z - 6. What is the remainder when 6 is divided by x?
2
Let v = 24 + -8. Let n(g) = -20*g + 13*g - v + 10*g. Calculate the remainder when n(19) is divided by 11.
8
Suppose -6*z = -z + 60. What is the remainder when 2*2*9/z + 199 is divided by 33?
31
Suppose 28*l - 26*l - 22 = 0. Calculate the remainder when 130 is divided by l.
9
Let r = -20 - -32. Calculate the remainder when 31 is divided by 260/22 + r/66 + 1.
5
Let y(x) = x**3 + 5*x**2 + 2*x + 3. Let d = 22 + -26. Calculate the remainder when y(d) is divided by 4/(-1)*7/(-4).
4
Suppose -10*x + 120 = -4*x. Suppose 17*h = 12*h + x. Suppose 70 = -2*y + h*y. Calculate the remainder when y is divided by 12.
11
Let f(g) = g**3 + 7*g**2 + 11*g + 5. Let b be f(-4). Suppose 0 = b*l - 240 + 33. Calculate the remainder when 68 is divided by l.
22
Suppose 98 = 2*v - 5*t, -15*v + 4*t + 52 = -14*v. Calculate the remainder when 214 is divided by v.
38
Let o(h) = -9*h + 8. Let t = -765 + 786. Calculate the remainder when o(-6) is divided by t.
20
Let l(a) = a**3 + 8*a**2 + 15*a + 4. Let d be l(-4). Suppose 36 = d*b - 12. Let v = 9 + -6. Calculate the remainder when b is divided by v.
0
Let y = -1111 + 1220. Calculate the remainder when y is divided by 19.
14
Suppose 5*i - k + 24 = 0, 5 = 3*i - k + 21. Calculate the remainder when 62 is divided by i/8 + (-325)/(-10).
30
Suppose -19 = -2*s + s. Suppose 3*j = s + 59. Suppose -4*g - j = -174. What is the remainder when g is divided by 20?
17
Suppose 0 = -3*g + 4*g - i - 38, 3*g - 110 = i. Suppose -14*m = -12*m - g. Calculate the remainder when 31 is divided by m.
13
Let i(y) = 9*y + 7*y - 4 + 4*y. Let a be i(2). Suppose -4*d + a = -d. Calculate the remainder when 21 is divided by d.
9
Suppose 341 + 51 = 14*k. Suppose -31*i + 369 = -k*i. Calculate the remainder when i is divided by 18.
15
Let o(g) = 4*g**2 - 17*g + 2. Let r be o(6). Let i = 25 + r. What is the remainder when i is divided by 12?
9
Let q be (-2)/5 - ((-40)/25)/4. What is the remainder when (153/12 - q)/((-12)/(-128)) is divided by 35?
31
Suppose 3*d - 6 = -0*d. Suppose -d*p + 1 + 1 = 0. What is the remainder when (4 - p) + 68 + 2 is divided by 19?
16
Let j(z) = -108*z**3 + 2*z**2 - 6*z + 4. Let s be j(1). Calculate the remainder when (s/81)/((-4)/6) is divided by 2.
0
Let p(q) = 8*q + 9. Let x be p(3). Suppose 3*l = -5*j + x + 51, 2*j = 0. Calculate the remainder when l is divided by 5.
3
Let b = -22 - -46. Let c(a) = a**3 - 5*a**2 - 3*a - 14. Let k be c(6). Suppose k*x - 7 = 45. What is the remainder when b is divided by x?
11
Suppose 7 + 1 = -2*f + 3*d, 0 = 4*f - 3*d + 4. What is the remainder when 76 is divided by (9/f + 2)/((-11)/(-22))?
11
What is the remainder when 87 is divided by (16 + -17)/(-2)*8*11?
43
Let y(h) = -4*h**3 + 2*h + 1. Let j(m) = -m + 78. What is the remainder when j(-6) is divided by y(-2)?
26
Let h = -475 + 513. Calculate the remainder when h is divided by 14.
10
Let h = -120 + 155. Calculate the remainder when 66 is divided by h.
31
Let j = -31 - -44. Let l(g) = g**2 - 15*g + 7. What is the remainder when l(18) is divided by j?
9
Let l(x) = 2*x**2 + 11*x + 9. Let o = 15 - 12. Suppose -8*h = -o*h - 585. Calculate the remainder when h is divided by l(-7).
27
Let j(w) = -5*w + 25. Calculate the remainder when 552 is divided by j(2).
12
Suppose 494 = 5*s - 181. Let d = -40 + 57. Calculate the remainder when s is divided by d.
16
Calculate the remainder when 14 is divided by (116/(-87))/(2/(-9)).
2
Let c be 3/(1/(-1)) + 6. Suppose -2*g - c*s + 4*s + 18 = 0, -5*g + 19 = 4*s. Calculate the remainder when 30 is divided by g.
2
Let o be 7 - 5 - -1*4. Suppose h = 2*h - o. Calculate the remainder when h is divided by ((-3)/(54/(-24)))/(4/6).
0
Let t = -91 + 172. Calculate the remainder when t is divided by (-126)/(-8)*(-48)/(-18).
39
Let b(p) = -p + 12. Suppose -43 - 137 = -12*h. Let g(f) = -f + 22. Calculate the remainder when b(0) is divided by g(h).
5
Let v(n) = n**3 + 9*n**2 + 12*n. Calculate the remainder when 77 is divided by v(-5).
37
Let b be (-12)/(-2 + 1/2). Let f(r) = -r**3 + 10*r**2 - 10*r - 5. What is the remainder when f(b) is divided by 12?
7
Let j(d) = -4*d - 33. Let f be j(-15). What is the remainder when f/(-45) - (313/(-5))/1 is divided by 13?
10
Let n = 209 - 338. Calculate the remainder when (n + 0)*(-1 + (-12)/(-18)) is divided by 11.
10
Let s = 67 + -61. What is the remainder when 76*1 + (-18)/s + 2 is divided by 39?
36
Let v be 10/(-45) - 80/(-36). Suppose -124 = -v*b + 24. Calculate the remainder when b is divided by 11.
8
What is the remainder when 99 is divided by 471/36 - (-8)/(-96)?
8
Suppose 358 = 28*b - 902. What is the remainder when 134 is divided by b?
44
Let y = -1214 + 593. Let w = -10 + 45. Calculate the remainder when w is divided by y/(-33) + (-6)/(-33).
16
Suppose 24 = 2*p - 5*x, -p + 12 = -4*x + 3. Suppose -4*f = -5*s - 169, 3*f - 233 = -2*f - s. What is the remainder when f is divided by p?
12
Suppose 19 = 2*t + 5*p, -3*t - t = p - 29. Let w(y) = 2*y**2 - 6*y - 9. What is the remainder when w(t) is divided by 12?
11
Suppose 0 = 5*o + 3*o - 64. Suppose -4*g + o*g - 40 = 0. What is the remainder when 17 is divided by g?
7
Suppose 3*r = s + 4, 0 = 3*s + 3*r - 10 - 38. Let f = 29 - 25. Calculate the remainder when f/14 + 1752/42 is divided by s.
9
Let x = -135 + 151. What is the remainder when 46 is divided by x?
14
Let r = -5 + 21. Suppose 0 = -2*f + 5*q - 3 + r, 3*f = -2*q + 29. Suppose -7*x = -f*x + 18. Calculate the remainder when x is divided by 4.
1
Let r = -1 + 3. Suppose r*y - 3*j = 136, -y - 2*j + 68 = -0*j. Suppose 3*p = d - p - 14, 4*d + p - 56 = 0. What is the remainder when y is divided by d?
12
Suppose 18*a + 2156 = 22*a. Suppose 10*n - a - 201 = 0. Calculate the remainder when n is divided by 25.
24
Let k = -6 + 6. Suppose k = -11*n + 3*n + 1184. Calculate the remainder when n is divided by 50.
48
Let k be (-3)/(-5) + 2960/25. Suppose 2*n + k = g, g + 2*n - n - 122 = 0. Calculate the remainder when g is divided by 31.
28
Let w(b) = b**2 + 21*b + 149. Calculate the remainder when 214 is divided by w(-6).
37
Let q = 12 + -1. What is the remainder when q is divided by -14*(-21)/2940 - (-69)/10?
4
Let i(o) = o**2 - 5. Let h be i(-6). Let g = 51 - h. Suppose -6*j + j + g = 0. What is the remainder when 14 is divided by j?
2
Let m(n) = -n**3 + 5*n**2 + 5*n - 7. Let a be m(4). Suppose -1 = y - 0, 0 = -i + 2*y + a. What is the remainder when 107 is divided by i?
26
Suppose -15*h + 283